pose -123107 = 18*s - 369221. What is the hundreds digit of s?
6
Let n(m) = 13*m**3 - 11*m**2 + 31*m + 179. What is the units digit of n(12)?
1
Let p(k) be the third derivative of -k**4/4 + 4*k**3 - 13*k**2. Let y be p(-8). Let d = 149 - y. What is the units digit of d?
7
Suppose 8*g = 13*g + 45. Let k(h) = h**2 - 20*h - 5. What is the units digit of k(g)?
6
Suppose -36 = 3*h - 9*h. Let w be 0/(-2)*h/6. Suppose 2*y - l - 170 = w, -5*l - 65 = -5*y + 370. What is the units digit of y?
3
Suppose 0 = 32*m + 79 + 81. What is the hundreds digit of 3*m/(-15)*3 - -126?
1
Let d be 24/(-9)*((-26)/4 + 5). What is the units digit of ((-248)/28 + d - -3)*-7?
3
Let k(z) = -947*z - 3505. What is the tens digit of k(-5)?
3
Let x = -2728 + 5036. What is the hundreds digit of x?
3
Suppose -3*u + 4*u + 5*r = 12383, -2*r + 74214 = 6*u. What is the thousands digit of u?
2
Suppose -h = 5*m - 4, 0 = -4*h + m + 4*m + 41. Let q(y) = 8 - 8*y + h*y**2 + 7 - 7*y**2. What is the tens digit of q(8)?
7
Let v = 490 - -2673. What is the units digit of v?
3
Suppose 7*y + 17680 = 11*y. What is the hundreds digit of y?
4
Let z = 192 + -184. What is the tens digit of 10/120*-3 - (-6162)/z?
7
What is the tens digit of ((-174)/168 - (-26)/91)/((-6)/106072)?
5
Suppose 7*i - 4*i = -6. Let f(m) = 122*m**2 + 5*m - 6. What is the hundreds digit of f(i)?
4
Let n = 2268 - -2943. What is the tens digit of n?
1
Let x = 13 - -3. Suppose 6 - x = -5*y. Suppose -274 - 24 = -y*f - 4*v, 4*f - 582 = -v. What is the hundreds digit of f?
1
Suppose 16*k + 17*k - 19*k = 56196. What is the units digit of k?
4
Let r = -4499 - -39737. What is the hundreds digit of r?
2
Let g = -3 - -9. Suppose -8*a + 952 = -g*a. Suppose 5*p - a = 3*s, -3*p + 373 = p - 5*s. What is the units digit of p?
7
What is the tens digit of (9888/10 - 4)*(-315)/(-42)?
8
Suppose 65 = 4*b + 9*b. Suppose -2*f = m - 328, -2*f - 1078 - 598 = -b*m. What is the tens digit of m?
3
Let y(c) = 11*c**2 - 3*c + 4. Let d = -93 + 95. Let t be ((d - 7) + 6)*(-4)/2. What is the units digit of y(t)?
4
Suppose -5*t = -3*w - 71113, -17*t = -12*t + 4*w - 71106. What is the hundreds digit of t?
2
Let l = 138 + -136. Suppose i = -l*u - 3*i + 218, 2*i + 89 = u. What is the tens digit of u?
9
Suppose -k = -15*k - 70. Let q(y) = 12*y**2 - 10*y + 26. What is the hundreds digit of q(k)?
3
Let w be 10/4*8/(-5). What is the units digit of (-2 - -1)*336/(32/w)?
2
Let m = 91 - 88. Suppose m*r - 5*k + 1416 = 0, r + 470 = k - 0*k. Let u = r + 697. What is the tens digit of u?
3
Let a(b) be the first derivative of 2*b**3/3 - 3*b**2/2 + 11*b - 124. Let c(u) = u + 9. Let g be c(-5). What is the tens digit of a(g)?
3
What is the thousands digit of (-5)/(-4) + 10075590/168?
9
Let c(f) = f**3 + f**2 - 1. Let i(b) = 44*b**3 - b**2 + 2. Let h(w) = 3*c(w) + i(w). What is the hundreds digit of h(2)?
3
What is the tens digit of 15448/6*53/(2650/225)?
8
Suppose 3*q + 5*q - 115885 + 3805 = 0. What is the hundreds digit of q?
0
Let k be (0 - (-5 - 5921)) + 5. Suppose 513 = 9*z - k. What is the hundreds digit of z?
7
Let j(g) = -g**3 - 10*g**2 - g - 23. Let a(r) = -r - 3. Let v be a(7). Let t be j(v). What is the tens digit of t/((-1)/8*1)?
0
Suppose 5*v - 23510 = -5*p, 3*p - 10847 - 3253 = -4*v. What is the units digit of p?
8
Let m = -553 - -555. What is the hundreds digit of -4 + -1*(-1872 - m)?
8
Let b(c) = c**2 + 34*c + 81. Let s be b(-24). Let k = 354 + s. What is the tens digit of k?
9
Let r = 9145 - 5219. What is the hundreds digit of r?
9
Let j(a) = -1939*a**3 + 5*a**2 + 3*a - 2. Let v be j(-1). Let s = v - 1091. What is the units digit of s?
8
Let v = 54 - 26. Suppose 5784*t + 70 = 5791*t. Let l = v - t. What is the tens digit of l?
1
Let a be 6 + (-16)/8 + -1. Suppose 5*d = -0*c + a*c - 2783, c - 2*d - 927 = 0. What is the hundreds digit of c?
9
Suppose 4*m - 13915 = 3*r - 68047, -m - 54114 = -3*r. What is the units digit of r?
6
Let n(c) = c**3 + c**2 + c. Let u be n(0). Suppose -2*s + 5*x = 4, u*s + s - 5*x = -2. What is the hundreds digit of (-920)/12*(48/10)/s?
1
Let h(b) = -b + 46. Let k be h(0). Suppose 6*c - 3*c = -4*a - 52, 8 = 4*a. Let o = c + k. What is the tens digit of o?
2
Suppose 69688 = 74*b - 367578. What is the units digit of b?
9
Let l = 39 + -36. What is the tens digit of (3/4)/(194/64 - l)?
2
Let t(l) = 243*l**3 + l**2 + 22*l - 24. What is the thousands digit of t(4)?
5
Suppose 3*t = -4*w + 18, 3*w = 4*t - 4 + 5. Let u = -1 + w. Let v = u - -35. What is the units digit of v?
7
Suppose 4*z - 7 - 17 = 0. Suppose 232 = -z*i - 86. Let c = i - -95. What is the units digit of c?
2
Let m(z) be the third derivative of 0*z**5 - 10*z**2 + 0*z**3 + 0*z - 17/40*z**6 + 0 + 0*z**4. What is the units digit of m(-1)?
1
Suppose -44 - 4 = -16*z. Suppose 4*w - 4*s = 132, 0 = -z*w - 8*s + 5*s + 93. What is the tens digit of w?
3
Suppose 2*c = 2*a - 2*c - 884, 0 = a + 5*c - 456. Suppose 4468 + a = 14*g. What is the tens digit of g?
5
Suppose 3*f + 5*b - 90692 = 0, -4*f - 2*b + 120884 = -5*b. What is the thousands digit of f?
0
Let n be (-4 + (-32)/7)*7. Let s = n + 75. Suppose s*m - 1649 = 436. What is the hundreds digit of m?
1
Let i(x) be the first derivative of x**4/4 - 4*x**3 + 11*x**2/2 - 28*x - 125. What is the hundreds digit of i(12)?
1
Let o = 82 - 92. What is the units digit of (-6928)/o + 44/(-55)?
2
Let g(p) = 5*p**3 - 5*p + 4. Let o be g(1). Let i(a) = -4 - 4*a**3 + 11*a**3 - 15*a - o*a**2 - 12 - 8*a**3. What is the units digit of i(-5)?
4
Let u = 505 - 568. What is the hundreds digit of ((-1512)/u)/(((-4)/(-154))/1)?
9
Let x = -25 + 263. What is the units digit of (76/8 + -6)/(1/x)?
3
Suppose -570*n = -572*n + 5*m + 74464, -5*m - 10 = 0. What is the hundreds digit of n?
2
Let t = -30061 + 55744. What is the hundreds digit of t?
6
Let t = -186 - -3929. What is the tens digit of (t/4 - 0) + 81/(-108)?
3
Let p(m) be the third derivative of 6*m**2 + 0*m**3 + 1/40*m**6 + 1/30*m**5 - 1/12*m**4 + 0 + 0*m. What is the units digit of p(1)?
3
Let j(q) = -q**2 + q + 24. Let o be j(5). What is the units digit of 18694/30 - (o - 174/45)?
3
Let v = 42478 - 20933. What is the units digit of v?
5
Suppose 2*n - 5*n + 4*h + 14 = 0, 0 = 2*n - h - 16. Suppose 4*z + 2 = -n, -r + 4*z = -90. What is the tens digit of r?
7
Let b(w) be the second derivative of 41/12*w**4 - 1/3*w**3 - 18*w - w**2 + 0. What is the units digit of b(-1)?
1
What is the thousands digit of (268614/18 - 12) + -2?
4
Suppose -2*q + 28*q - 89492 = 0. What is the hundreds digit of q?
4
Let j(b) = 9440*b + 313. What is the thousands digit of j(2)?
9
Let j be (5 - 104/24)*(0 - 6). Let n be (-6)/4*5/((-5)/j). What is the units digit of (-2 - n) + 0 + -1?
3
Let i(c) = 94*c**3 + 5*c**2 + 52*c - 153. What is the thousands digit of i(5)?
1
Suppose 3*h + 23 = 5*t, h = 4*h + 4*t + 14. What is the tens digit of h - -4 - (-8520)/((-42)/(-7))?
1
Suppose 5*d - 9365 = 10915. Suppose 10*x + 3*x = d. Suppose x - 799 = -5*p - z, -5*p + 491 = 3*z. What is the units digit of p?
7
Let o = 118 + -97. Let g = 33 - o. Let s = 73 - g. What is the tens digit of s?
6
What is the thousands digit of (-7 - 5) + 23 - -16115?
6
Suppose 37*h - 144 = 41. Suppose -r + 1018 = h*m, 3*m + 0*m - 9 = 0. What is the thousands digit of r?
1
Let i(r) = 80*r + 47. Let q be i(10). Let v = -57 + q. What is the hundreds digit of v?
7
Suppose -2966 = -55*r - 27881. Let l = 562 - r. What is the hundreds digit of l?
0
Suppose -r = -5*r - 2*n + 166, 3*r - 117 = -4*n. Suppose r*s - 104 - 23417 = 0. What is the hundreds digit of s?
5
Let s be (-60 - -37)/((-1)/83). Let o = -1135 + s. What is the tens digit of o?
7
Suppose -7*n + 208 + 23 = 0. Suppose -12259 = -n*h + 10*h. What is the units digit of h?
3
Let z(j) = -5*j**3 - 5*j**2 - 66*j + 21. Let v be z(-18). Suppose -150*b + 129*b + v = 0. What is the tens digit of b?
6
Suppose -3*j - 2 = -4*j. Suppose -42*h + 23*h = -22*h + 15. Suppose -j*p + 38 = -c, 4*p - h*c = 56 + 8. What is the tens digit of p?
2
Let w(s) = -s**2 - 4*s + 1. Let b be w(-2). Let j be b - 2 - 7 - -1. Let g(x) = -30*x - 4. What is the tens digit of g(j)?
8
Suppose -4*c + 8292 - 2545 = -t, -2*c = 4*t - 2878. Suppose 0 = -4*g + 4, -4*g - g - c = -2*x. What is the hundreds digit of x?
7
Let u be 13/5 - 2/(-5). Let x be (-4 + 32/7)/(-2*(-